nd 783.
29
Calculate the highest common divisor of 52038 and 588.
294
Calculate the greatest common factor of 10 and 54790.
10
Calculate the highest common divisor of 1700 and 100.
100
Calculate the greatest common divisor of 45 and 11520.
45
What is the highest common factor of 675 and 108?
27
Calculate the greatest common divisor of 247 and 38.
19
What is the greatest common divisor of 3789 and 9?
9
Calculate the highest common factor of 4016 and 16.
16
What is the greatest common factor of 14047 and 11?
11
What is the highest common divisor of 6788 and 16?
4
Calculate the highest common divisor of 10 and 90.
10
Calculate the highest common factor of 2920 and 219.
73
Calculate the greatest common divisor of 485 and 5.
5
What is the highest common factor of 165 and 270?
15
What is the greatest common divisor of 88 and 16?
8
What is the highest common divisor of 28 and 161?
7
What is the highest common factor of 1937 and 13?
13
Calculate the greatest common factor of 1024 and 24.
8
What is the highest common factor of 3 and 291?
3
Calculate the greatest common divisor of 4104 and 24.
24
Calculate the highest common divisor of 660 and 1120.
20
Calculate the highest common divisor of 380 and 1420.
20
What is the greatest common factor of 170 and 5882?
34
Calculate the highest common divisor of 35 and 63.
7
What is the greatest common divisor of 88 and 352?
88
What is the greatest common divisor of 159 and 9?
3
Calculate the highest common divisor of 6 and 168.
6
What is the greatest common divisor of 27 and 3402?
27
What is the greatest common factor of 120 and 96?
24
What is the greatest common factor of 2544 and 48?
48
Calculate the greatest common divisor of 7975 and 825.
275
What is the highest common divisor of 57460 and 340?
340
What is the highest common divisor of 68 and 400?
4
Calculate the greatest common factor of 1391 and 107.
107
Calculate the highest common factor of 927 and 206.
103
Calculate the highest common factor of 4 and 146.
2
Calculate the greatest common divisor of 132 and 2420.
44
What is the greatest common factor of 42 and 357?
21
Calculate the greatest common divisor of 1616 and 176.
16
What is the highest common divisor of 9711 and 117?
117
What is the greatest common divisor of 266 and 14?
14
What is the greatest common factor of 26664 and 72?
24
What is the greatest common factor of 350 and 150?
50
Calculate the greatest common factor of 118 and 2006.
118
Calculate the greatest common factor of 1001 and 231.
77
Calculate the highest common factor of 45 and 17640.
45
What is the highest common factor of 391 and 17?
17
What is the highest common factor of 176 and 33?
11
What is the highest common factor of 63 and 7?
7
Calculate the highest common divisor of 33 and 3.
3
Calculate the highest common divisor of 168 and 72.
24
Calculate the highest common factor of 237 and 79.
79
What is the greatest common factor of 68 and 1972?
68
What is the greatest common factor of 23346 and 36?
18
What is the highest common factor of 70 and 84?
14
Calculate the highest common factor of 22 and 2432.
2
What is the greatest common divisor of 625 and 3625?
125
Calculate the highest common divisor of 2598 and 12.
6
Calculate the highest common factor of 1424 and 112.
16
What is the greatest common divisor of 1040 and 234?
26
What is the greatest common factor of 810 and 60?
30
What is the greatest common factor of 4 and 2732?
4
Calculate the greatest common factor of 60 and 9420.
60
Calculate the highest common divisor of 7 and 56.
7
What is the greatest common factor of 73 and 5?
1
What is the highest common divisor of 9 and 3087?
9
Calculate the greatest common factor of 288 and 1098.
18
What is the greatest common factor of 242 and 374?
22
What is the highest common factor of 23 and 10511?
23
Calculate the greatest common divisor of 19 and 7277.
19
What is the highest common factor of 4 and 58?
2
What is the greatest common divisor of 5396 and 1988?
284
What is the highest common factor of 8 and 928?
8
What is the greatest common divisor of 1078 and 1274?
98
Calculate the greatest common factor of 38951 and 33.
11
What is the greatest common factor of 2160 and 3840?
240
Calculate the highest common divisor of 832 and 24.
8
What is the highest common divisor of 1020 and 51?
51
Calculate the greatest common factor of 48 and 304.
16
Calculate the greatest common divisor of 15979 and 87.
29
What is the highest common factor of 130 and 104?
26
What is the greatest common divisor of 360 and 10?
10
Calculate the highest common factor of 19305 and 286.
143
What is the highest common factor of 70 and 3530?
10
What is the greatest common factor of 5 and 14000?
5
What is the highest common factor of 41 and 8077?
41
Calculate the highest common factor of 46 and 3174.
46
Calculate the greatest common divisor of 6 and 774.
6
What is the highest common factor of 536 and 24?
8
Calculate the greatest common divisor of 10184 and 380.
76
What is the highest common factor of 32958 and 36?
18
Calculate the greatest common factor of 1056 and 165.
33
Calculate the highest common factor of 306 and 17.
17
Calculate the highest common divisor of 189 and 63.
63
Calculate the greatest common divisor of 1068 and 72.
12
Calculate the highest common factor of 18404 and 172.
172
Calculate the greatest common factor of 36 and 396.
36
What is the greatest common factor of 15375 and 41?
41
What is the highest common factor of 5870 and 50?
10
What is the highest common divisor of 1016 and 8?
8
Calculate the highest common divisor of 104 and 496.
8
Calculate the greatest common factor of 192 and 72.
24
What is the greatest common factor of 4 and 158?
2
Calculate the highest common divisor of 2788 and 656.
164
What is the greatest common divisor of 40 and 6060?
20
Calculate the highest common divisor of 2286 and 63.
9
What is the greatest common factor of 14331 and 17?
17
Calculate the highest common factor of 221 and 2159.
17
What is the greatest common divisor of 208 and 130?
26
Calculate the highest common divisor of 1196 and 65.
13
Calculate the highest common divisor of 205 and 369.
41
What is the greatest common factor of 29952 and 117?
117
Calculate the highest common divisor of 16 and 1552.
16
What is the highest common divisor of 847 and 7?
7
What is the highest common factor of 68 and 5406?
34
What is the greatest common divisor of 5781 and 47?
47
Calculate the highest common factor of 16 and 8168.
8
What is the greatest common divisor of 15000 and 15?
15
What is the highest common divisor of 564 and 13254?
282
Calculate the greatest common factor of 43288 and 56.
56
What is the highest common factor of 67 and 5?
1
Calculate the greatest common factor of 20 and 40.
20
Calculate the highest common divisor of 84 and 192.
12
What is the greatest common factor of 3658 and 118?
118
Calculate the greatest common divisor of 6 and 258.
6
Calculate the highest common divisor of 6 and 369.
3
What is the highest common factor of 7798 and 14?
14
Calculate the highest common divisor of 104 and 442.
26
What is the greatest common factor of 792 and 154?
22
What is the greatest common factor of 89 and 267?
89
What is the greatest common factor of 1113 and 21?
21
What is the highest common factor of 23 and 18607?
23
What is the highest common factor of 395 and 25?
5
What is the highest common factor of 188 and 329?
47
Calculate the greatest common factor of 36 and 1524.
12
Calculate the highest common divisor of 3425 and 1096.
137
What is the greatest common divisor of 25 and 14775?
25
What is the highest common divisor of 6624 and 960?
96
Calculate the highest common divisor of 85 and 119.
17
What is the greatest common factor of 12 and 44076?
12
What is the greatest common factor of 444 and 1443?
111
Calculate the highest common factor of 15 and 775.
5
Calculate the highest common factor of 876 and 324.
12
What is the greatest common divisor of 23 and 2?
1
Calculate the greatest common factor of 210 and 4950.
30
Calculate the highest common factor of 1937 and 298.
149
Calculate the greatest common factor of 2570 and 120.
10
What is the highest common divisor of 81 and 324?
81
What is the highest common divisor of 525 and 75?
75
Calculate the greatest common divisor of 6 